True
Is 88088112 a multiple of 186?
True
Is 22 a factor of 2450778?
True
Is 937 a factor of 1696539353?
False
Does 197 divide 59327338?
True
Is 1226 a factor of 7228496?
True
Does 20 divide 351123620?
True
Is 4 a factor of 4473017?
False
Is 282 a factor of 16002090?
True
Is 19943070 a multiple of 839?
False
Is 12 a factor of 879934348?
False
Does 638 divide 1081641198?
False
Does 4258 divide 816343760?
True
Is 1890 a factor of 655056990?
True
Is 43 a factor of 37898335?
False
Does 1920 divide 8995200?
True
Is 98 a factor of 1316569730?
True
Does 16 divide 5567712?
True
Does 1171 divide 25508260?
False
Is 1390 a factor of 3776586970?
False
Is 2259 a factor of 725737188?
False
Is 53 a factor of 388702?
True
Is 378 a factor of 22290736?
False
Is 325181030 a multiple of 872?
False
Does 13 divide 1668656388?
False
Is 19 a factor of 123236375?
True
Does 725 divide 2534961979?
False
Does 718 divide 76086460?
True
Is 25 a factor of 56094925?
True
Does 2670 divide 13392720?
True
Does 341 divide 289658664?
False
Is 10801739 even?
False
Is 12022226 a multiple of 36?
False
Is 62492534 a multiple of 8?
False
Is 316730194 a multiple of 240?
False
Is 38 a factor of 41037416?
True
Does 3556 divide 1783735828?
True
Is 647 a factor of 601193694?
True
Is 222 a factor of 1503162?
True
Is 4 a factor of 114776175?
False
Is 2427 a factor of 55184336?
False
Is 7 a factor of 147895153?
True
Is 1985829 a multiple of 11?
False
Is 263794084 a multiple of 145?
False
Is 986 a factor of 4889122412?
True
Does 77 divide 114136638?
True
Does 67 divide 18132484?
False
Does 287 divide 108959550?
True
Is 1539 a factor of 35936563?
False
Is 14273050 a multiple of 485?
False
Is 36443010 a multiple of 8?
False
Is 347 a factor of 1093819189?
False
Does 82 divide 10567893?
False
Does 25 divide 17445225?
True
Does 184 divide 180116128?
True
Is 10 a factor of 7209870?
True
Does 15 divide 107920545?
True
Is 105 a factor of 304573732?
False
Is 42818378 a multiple of 14?
False
Is 252 a factor of 196166440?
False
Is 559336295 a multiple of 265?
True
Does 5 divide 45537158?
False
Is 1160 a factor of 159657045?
False
Is 82 a factor of 1453716?
False
Is 779595840 a multiple of 144?
True
Is 103 a factor of 611133286?
False
Does 6 divide 144637002?
True
Is 39 a factor of 720425832?
False
Is 18 a factor of 53907246?
True
Does 668 divide 19256615?
False
Is 3695617625 a multiple of 35?
True
Does 3827 divide 3970868411?
True
Does 756 divide 56777112?
True
Does 633 divide 8762619?
True
Does 103 divide 193656055?
False
Is 1236655356 a multiple of 19?
True
Is 457641716 a multiple of 124?
True
Is 2222 a factor of 524629754?
True
Does 509 divide 191813558?
False
Is 51177071 a multiple of 94?
False
Is 616 a factor of 414931440?
True
Is 170 a factor of 12530233?
False
Does 29 divide 37995581?
False
Is 64751616 a multiple of 2048?
True
Does 14 divide 116557093?
False
Is 807007586 a multiple of 14?
True
Does 140 divide 1154358100?
True
Is 111 a factor of 257494473?
False
Does 133 divide 27324850?
True
Does 768 divide 1620924?
False
Does 76 divide 13876839?
False
Is 17533854 a multiple of 26?
True
Is 40 a factor of 3786346384?
False
Does 2829 divide 125660319?
False
Is 42 a factor of 91565460?
True
Does 943 divide 34358146?
False
Is 4 a factor of 11079480?
True
Is 39 a factor of 203774301?
False
Is 637157417 a multiple of 50?
False
Does 321 divide 549758082?
True
Is 20653521 a multiple of 153?
False
Is 303797 a multiple of 8?
False
Does 25 divide 17456175?
True
Is 838665316 a multiple of 2511?
False
Does 40 divide 35670520?
True
Is 31552929 a multiple of 86?
False
Is 70 a factor of 5484813?
False
Is 61 a factor of 69795163?
True
Is 1226 a factor of 25481184?
True
Is 12 a factor of 815848320?
True
Does 11 divide 2590362?
False
Is 291251514 a multiple of 142?
True
Does 4740 divide 165459180?
True
Is 287653716 a multiple of 98?
True
Is 16921828 a multiple of 22?
True
Does 22 divide 7731058?
False
Is 4772 a factor of 2191412156?
True
Is 5812045986 a multiple of 27?
False
Is 101789700 a multiple of 100?
True
Does 9 divide 60029217?
True
Is 24 a factor of 75941833?
False
Does 90 divide 5248350?
True
Is 54072578 a multiple of 14?
True
Is 148 a factor of 6662544?
False
Is 10122842 a multiple of 14?
False
Does 291 divide 47603817?
True
Is 142 a factor of 36954080?
True
Is 303 a factor of 260527970?
False
Does 5274 divide 257223528?
True
Is 1531 a factor of 116145836?
False
Does 850 divide 81038355?
False
Does 13 divide 1282719321?
True
Is 28641074 a multiple of 22?
True
Does 50 divide 731058150?
True
Is 92378321 a multiple of 4?
False
Is 1058 a factor of 135870056?
False
Does 50 divide 50586366?
False
Is 2984969207 a multiple of 5664?
False
Does 63 divide 19261565?
False
Does 31 divide 19002763?
False
Is 122243417 a multiple of 71?
False
Is 264997287 a multiple of 15?
False
Does 1034 divide 19893688?
False
Is 2772365043 a multiple of 2763?
False
Is 4975 a factor of 1021114533?
False
Does 8 divide 687313184?
True
Is 100 a factor of 5840200?
True
Does 6096 divide 897971280?
True
Is 6789908457 a multiple of 7911?
True
Is 7517 a factor of 263365612?
True
Does 70 divide 1233437173?
False
Is 77193584 a multiple of 118?
False
Is 861024621 a multiple of 7?
False
Is 80417838 a multiple of 3405?
False
Is 142573704 a multiple of 81?
False
Is 7149295 a multiple of 120?
False
Is 188818753 a multiple of 818?
False
Is 73 a factor of 88954823?
False
Does 655 divide 60869525?
False
Does 2756 divide 526885876?
False
Is 28434851 a multiple of 4?
False
Is 2594595025 a multiple of 275?
True
Is 574432580 a multiple of 580?
True
Is 113 a factor of 14414854?
False
Does 3753 divide 1515468906?
True
Is 155959279 a multiple of 1841?
False
Is 62850975 a multiple of 744?
False
Is 243888096 a multiple of 48?
True
Is 642001132 a multiple of 1438?
False
Does 213 divide 778904958?
False
Does 391 divide 33514174?
True
Is 301905780 a multiple of 10?
True
Is 161 a factor of 98086336?
False
Does 31 divide 1014790199?
False
Is 131021440 a multiple of 88?
True
Does 331 divide 342037857?
True
Does 383 divide 284470298?
False
Is 2751 a factor of 315893906?
False
Is 3782707704 a multiple of 6172?
True
Is 505 a factor of 224218485?
True
Is 21 a factor of 556832580?
False
Does 12 divide 518023010?
False
Is 8 a factor of 127008256?
True
Is 457956234 a multiple of 7?
False
Is 940347852 a multiple of 5249?
True
Is 180 a factor of 94003071?
False
Is 5 a factor of 212834410?
True
Does 6 divide 19228540?
False
Is 23 a factor of 1634893153?
True
Is 6329 a factor of 221185892?
True
Is 60742602 a multiple of 18?
True
Does 182 divide 83156528?
True
Does 230 divide 1064287444?
False
Is 1187 a factor of 40031575?
True
Does 210 divide 126332430?
True
Does 61 divide 198035768?
True
Does 3175 divide 3214345?
False
Is 12955371 a multiple of 33?
True
Is 43686864 a multiple of 205?
False
Does 2373 divide 1265952786?
True
Is 226 a factor of 113153454?
True
Is 154 a factor of 238712166?
True
Is 16 a factor of 107749200?
True
Is 8 a factor of 716514973?
False
Does 269 divide 847706963?
True
Is 1178228272 a multiple of 52?
True
Is 233151189 a multiple of 58?
False
Is 1890 a factor of 57660120?
True
Does 13 divide 89257597?
True
Is 21161385 a multiple of 4113?
True
Is 2474858189 a multiple of 229?
True
Does 10 divide 21977130?
True
Does 447 divide 138418359?
False
Does 9 divide 10253700?
True
Is 1483436304 a multiple of 72?
True
Does 331 divide 43765151?
True
Is 334 a factor of 77115101?
False
Is 88 a factor of 458658756?
False
Is 922759156 a multiple of 22?
True
Does 24 divide 605260?
False
Does 33 divide 73656416?
False
Is 50099970 a multiple of 626?
False
Does 5 divide 5196090?
True
Is 35 a factor of 5603045?
True
Does 16 divide 22516508?
False
Does 429 divide 25704870?
False
Is 8397825 a multiple of 19?
False
Is 66 a factor of 73239769?
False
Is 165893347 a multiple of 27?
False
Is 1681 a factor of 471145197?
False
Is 954279916 a multiple of 202?
True
Does 102 divide 6515556?
True
Does 429 divide 30263232?
False
Does 61 divide 2327101227?
False
Is 33 a factor of 554410065?
True
Is 242 a factor of 38409272?
True
Does 28 divide 1988064176?
True
Is 245349744 a multiple of 34?
False
Is 573122953 a multiple of 13?
True
Does 10 divide 392248164?
False
Is 610664336 a multiple of 15